(w).
7
Let d(i) = i**3 + 3*i**2 - 2*i - 2. Let y be d(-3). Let h = 17 - y. What are the prime factors of h?
13
Let j(n) = 16*n - 17. What are the prime factors of j(6)?
79
Let j = -94 + 199. What are the prime factors of j?
3, 5, 7
Suppose 120 = g - 1. List the prime factors of g.
11
Suppose 0 = -5*h + 5, -4*w - 2*h + 1354 = -0*w. List the prime factors of w.
2, 13
Suppose -2*y + 12 = -u, -2*u + 5*y = 3 + 23. Let c = u + 15. Let q = c - -4. What are the prime factors of q?
11
Let w = -108 + 43. Let l = -32 - w. What are the prime factors of 1/(((-9)/l)/(-3))?
11
Let r(n) = -n**3 + 9*n**2 - n - 12. List the prime factors of r(6).
2, 3, 5
Let v be (-78)/(-15) + (-1)/5. Suppose 0 = v*u - 20, -5*u = -q - 2*u - 6. Let r = q - 4. List the prime factors of r.
2
Let g be (-3)/5 + 303/5. Suppose 4*q - g = -q. What are the prime factors of q?
2, 3
Let b be (-2)/((-14)/(-4) - 3). Suppose -4*u + 29 = -7*u + 2*m, m = u + 11. Let p = b - u. List the prime factors of p.
3
Let d be ((-2)/(-6))/(2/42). Suppose -r - 25 + d = 0. Let o = -9 - r. List the prime factors of o.
3
Let x be (-8)/(-28) - 12/(-7). Suppose q - 6 = -x*v, -4*q + v + 2*v + 13 = 0. Suppose 7 + 9 = q*u. List the prime factors of u.
2
Suppose -3*j - 3 = -o - 2*o, 5*j - 35 = -3*o. Suppose 0 = 2*h + o*c + 4, -h + 0*c + 5 = -c. List the prime factors of h.
3
Let k be 150/35 + (-4)/14. Suppose 0 = -k*p, 4*h - 23 = -2*p + 45. List the prime factors of h.
17
Let f = -3 + 3. Let l be (-10)/2 - (f + 1). List the prime factors of (5/1)/(l/(-12)).
2, 5
Let q(x) = 11*x**2 + x + 2. Let a be q(2). Suppose h = -3*h + a. What are the prime factors of h?
2, 3
Let r = 0 + 5. Suppose -r*y - 2*i = -4*i - 61, -i + 41 = 3*y. List the prime factors of y.
13
Let d(o) = -o - 6. Let x be d(-8). Let v(k) = k**3 + 2*k**2 - 1. What are the prime factors of v(x)?
3, 5
Suppose 0 = -7*j + 3*j - 140. List the prime factors of 5/j - 324/(-14).
23
Suppose -2*o = -u - 3, 2*u - u - 2 = -3*o. Let g(j) = o - 6*j**2 + 9*j**2 - 2. List the prime factors of g(1).
2
Let f(x) = -x**3 + 10*x**2 + 4*x + 38. List the prime factors of f(9).
5, 31
Suppose 144 = -0*h + 4*h. What are the prime factors of h?
2, 3
Suppose -h + 8 = -3*p, -4*p - p = -h + 12. Let k(i) = i + 10. Let g be k(-10). Suppose 5*j + g*j + 5 = 0, -h*j = r - 10. List the prime factors of r.
2, 3
Suppose -9 - 1 = -5*l. Suppose 20 = l*h + 2*d, 4*d - 49 = -2*h - 3*h. List the prime factors of h.
3
Suppose 9 + 6 = 5*j. Suppose -r + 6*r = -o + 54, -112 = -j*o - 5*r. List the prime factors of o.
29
Let x(j) = j**2 + 4*j - 7. Let h(a) = 2*a + 6. Let r be h(6). Let q be 0/1 - r/3. List the prime factors of x(q).
5
Let x(p) = 5*p - 5. Let l(r) = r. Let a(z) = 6*l(z) - x(z). What are the prime factors of a(7)?
2, 3
Suppose 0 = 5*q - 1 - 79. What are the prime factors of q?
2
Let l = -10 - -15. Suppose -b - 2*u + 4 = -10, l*b - u - 15 = 0. What are the prime factors of (2 + b)*4/6?
2
Suppose -m - 5*u + u + 179 = 0, 368 = 2*m - 2*u. What are the prime factors of m?
3, 61
Suppose 4*i = -2*w + 4, 3*w - 4*i + 2*i = 6. Let q = 0 + w. What are the prime factors of q?
2
Let v = -91 - -143. List the prime factors of v.
2, 13
Let s = -151 + 211. What are the prime factors of s?
2, 3, 5
Let v = 4 - 4. Suppose v*k = 2*k. Suppose k*y = -2*y + 4. List the prime factors of y.
2
Suppose -3*x - 2*x + 25 = 0. Suppose -4*l = 2*t - 56, l + 1 = -x*t + 6. What are the prime factors of l?
3, 5
Suppose 3 = -4*b - 5. What are the prime factors of 4/8 + (-7)/b?
2
Let s(i) = -138*i + 2. Let f be s(-1). Suppose -4*u - m + f = 0, -5*u + 4*u - 5*m = -54. What are the prime factors of u?
2, 17
Suppose 0 = -8*g + 311 + 65. What are the prime factors of g?
47
Suppose -4*y = y - 270. Suppose -y = -3*k - 18. List the prime factors of k.
2, 3
Suppose 0 = 5*d + l - 258, 2*d = -4*l + 55 + 59. Suppose -5*y + r + d = -r, -y + 7 = -2*r. List the prime factors of y.
11
Let s = -7 + 14. Let b = -3 + s. Suppose -3*h = -5*h + b. List the prime factors of h.
2
Let l(v) be the third derivative of v**6/120 + v**5/10 + v**4/8 + v**3/6 - v**2. What are the prime factors of l(-4)?
3, 7
Suppose -3*i + 0*i = -3*k - 51, -4*k = 3*i + 103. Let y = 13 + k. Let a = 13 + y. List the prime factors of a.
2
Let d(p) = 7*p - 5. Let a be 6 + 5 - (2 - 0). What are the prime factors of d(a)?
2, 29
Suppose 3*f = 19 + 32. Let d = -11 + f. What are the prime factors of d*(1 + 2/4)?
3
Let c = -47 - -104. Let t = 82 - c. What are the prime factors of t?
5
Suppose 4*s - 2*g = -0*g - 12, 0 = 4*s - g + 10. List the prime factors of (-153)/(-3) + s - -4.
53
Let n(d) = 17 - 20*d**2 + 5*d**2 + 10*d + 14*d**2. List the prime factors of n(11).
2, 3
Let k(u) = -u**3 - 15*u**2 - 4*u - 8. List the prime factors of k(-16).
2, 3, 13
Let g = 74 - 32. Let d = 63 - g. List the prime factors of d.
3, 7
Suppose 18 = -4*y - 10. Let a = 7 - y. List the prime factors of a.
2, 7
Suppose 4*a - 3*y + 2*y = -2, -2*a + 6 = 3*y. Suppose 3*s - 3*w = -2*s + 33, a = 5*s + 3*w - 27. List the prime factors of s.
2, 3
Suppose 0*f + 2 = f. What are the prime factors of f?
2
Let n(p) = 6*p - 2. Let v be n(2). Let t = -5 + v. List the prime factors of t.
5
Suppose -2*s - 2*u = 3*u - 77, s - 43 = 2*u. List the prime factors of s.
41
Let m = 3 + -2. Suppose 2*a = 3*a + m. What are the prime factors of (-1)/(2/(-12)) + a?
5
Let t = -8 - -14. List the prime factors of 3 + t + -3 - 3.
3
Let c = -4 - -8. Let o = c - -5. List the prime factors of o.
3
Let s be (0 + 3/(-12)*-4)*-3. Let k(i) = 7 - 1 - 2 - 3*i. What are the prime factors of k(s)?
13
Suppose 5*u - 1 = 4*q - 11, 5*q = 3*u + 19. Suppose 0 = 5*r - 5*l + 5, -2*r - q = -7*l + 4*l. What are the prime factors of r?
2
Suppose o - 3 = -2*o. List the prime factors of (0 + 0)*o - -3.
3
What are the prime factors of ((-124)/(-8))/(-1)*-4?
2, 31
Let b = -4 - -1. Let j(t) = -t**3 - 10*t**2 + 10*t + 2. Let x be j(-11). Let w = x + b. What are the prime factors of w?
2, 5
Let x = 1 - -1. Suppose x*q = 5*p - 19, -6*q + q = 10. Let d = 14 - p. What are the prime factors of d?
11
Let i(u) = u**3 - 6*u**2 - 13*u + 20. What are the prime factors of i(8)?
2, 11
Let n be 2/3*42/4. Suppose 3*a - n = 2. Suppose 5*l = -5*t + 5, 0*t + a*l = 3*t - 21. List the prime factors of t.
2
Let f(j) = 2*j - 22. Let h be f(10). Let n(z) = -z + 3 - 1 - z**2 + 2*z**2 - z**3. List the prime factors of n(h).
2
Suppose -4*k + 5*c = -41 + 13, 0 = -k - 3*c - 10. Suppose -5*s = -k*s - 3. Let l = 4 + s. List the prime factors of l.
5
Let t = 6 + 2. Suppose 0 = -0*w + 2*w - t. What are the prime factors of w?
2
Suppose 5*h = k - 13 - 14, -5*k + 4*h = -135. Let t = 18 - k. What are the prime factors of (-3)/t + 20/3?
7
Let w be ((-1)/(-3))/(5/(-30)). What are the prime factors of 19 - (0 - w)/(-1)?
3, 7
Suppose -5*c + 3*c = 0, 2*g - 232 = 3*c. List the prime factors of g.
2, 29
Let s = 2 + 6. Suppose i + 5 = -3*b, -4*i + 6 = -5*b - s. List the prime factors of 6 + 3 - -3*i.
2, 3
Suppose 5*b - 643 = 3*n - 2*n, 3*b - 5*n = 377. List the prime factors of b.
3, 43
Let d(w) = -w**2 + 4*w - 3. Let r be d(3). Let s = 19 - -5. Suppose 3*m = -r + s. List the prime factors of m.
2
Suppose 0 = -5*a + 168 + 127. List the prime factors of a.
59
Let i be 138/(-18)*6*-1. Suppose -4*k + 139 = -0*k + 5*h, 5*h = -k + i. Suppose 3 = -4*v + k. List the prime factors of v.
7
Let g = 10 + -19. Let p(o) = -o + 2. List the prime factors of p(g).
11
Let f be 0/(7/(14/4)). Suppose -3*k + 5*a + 36 = -21, 3*a = f. List the prime factors of k.
19
Let f = -4 - -3. Let c be (-20)/(f - -2*1). What are the prime factors of 2/3 - c/15?
2
Let y(h) = 3*h**2 + h + 1. Suppose 5*z + 0 - 10 = 0. What are the prime factors of y(z)?
3, 5
Let w be ((-8)/10)/(3/(-15)). Let d be (2/3)/(w/(-48)). Let q(o) = o**2 + 5*o - 11. List the prime factors of q(d).
13
List the prime factors of ((-15)/(-20))/1*12.
3
Suppose 4*h + w + 4*w = 363, -2*h + 159 = -5*w. What are the prime factors of h?
3, 29
Let b be 374/10 + (-2)/5. Let v = b - 20. What are the prime factors of v?
17
Let a be (15*1)/((-4)/(-4)). List the prime factors of (13/3)/(5/a).
13
Let x = 39 - 27. Let u(r) = r**3 - 11*r**2 - 12*r + 8. List the prime factors of u(x).
2
Let t(s) = s**3 - 5*s**2 + 2*s - 2. Let z(w) = -w**2 + 10*w - 4. Let b be z(9). Let v be t(b). Let